{"id":1046,"date":"2026-04-08T09:34:30","date_gmt":"2026-04-08T09:34:30","guid":{"rendered":"https:\/\/outletdorota.pl\/?post_type=product&#038;p=1046"},"modified":"2026-04-08T09:34:30","modified_gmt":"2026-04-08T09:34:30","slug":"t-shirt-koszulka-g-star-raw","status":"publish","type":"product","link":"https:\/\/outletdorota.pl\/index.php\/produkt\/t-shirt-koszulka-g-star-raw\/","title":{"rendered":"t-shirt koszulka G-STAR RAW"},"content":{"rendered":"<p>rozmiar: XS\/S<\/p>\n<p>kolor: \u017c\u00f3\u0142ty<\/p>\n<p>materia\u0142: 100% bawe\u0142na<\/p>\n<p>wymiary: szeroko\u015b\u0107 od pachy do pachy: 45cm<\/p>\n<p>d\u0142ugo\u015b\u0107: 63cm<\/p>\n","protected":false},"excerpt":{"rendered":"<p>rozmiar: XS\/S kolor: \u017c\u00f3\u0142ty materia\u0142: 100% bawe\u0142na wymiary: szeroko\u015b\u0107 od  [&#8230;]<\/p>\n","protected":false},"featured_media":1047,"comment_status":"open","ping_status":"closed","template":"","meta":[],"product_brand":[],"product_cat":[42,30,27],"product_tag":[],"class_list":{"0":"post-1046","1":"product","2":"type-product","3":"status-publish","4":"has-post-thumbnail","6":"product_cat-bluzki-i-topy","7":"product_cat-damska","8":"product_cat-odziez","10":"first","11":"instock","12":"shipping-taxable","13":"purchasable","14":"product-type-simple"},"_links":{"self":[{"href":"https:\/\/outletdorota.pl\/index.php\/wp-json\/wp\/v2\/product\/1046","targetHints":{"allow":["GET"]}}],"collection":[{"href":"https:\/\/outletdorota.pl\/index.php\/wp-json\/wp\/v2\/product"}],"about":[{"href":"https:\/\/outletdorota.pl\/index.php\/wp-json\/wp\/v2\/types\/product"}],"replies":[{"embeddable":true,"href":"https:\/\/outletdorota.pl\/index.php\/wp-json\/wp\/v2\/comments?post=1046"}],"wp:featuredmedia":[{"embeddable":true,"href":"https:\/\/outletdorota.pl\/index.php\/wp-json\/wp\/v2\/media\/1047"}],"wp:attachment":[{"href":"https:\/\/outletdorota.pl\/index.php\/wp-json\/wp\/v2\/media?parent=1046"}],"wp:term":[{"taxonomy":"product_brand","embeddable":true,"href":"https:\/\/outletdorota.pl\/index.php\/wp-json\/wp\/v2\/product_brand?post=1046"},{"taxonomy":"product_cat","embeddable":true,"href":"https:\/\/outletdorota.pl\/index.php\/wp-json\/wp\/v2\/product_cat?post=1046"},{"taxonomy":"product_tag","embeddable":true,"href":"https:\/\/outletdorota.pl\/index.php\/wp-json\/wp\/v2\/product_tag?post=1046"}],"curies":[{"name":"wp","href":"https:\/\/api.w.org\/{rel}","templated":true}]}}