{"id":352,"date":"2026-02-11T12:21:32","date_gmt":"2026-02-11T12:21:32","guid":{"rendered":"https:\/\/outletdorota.pl\/index.php\/produkt\/spodnie-dresowe-puma-mapf1-mt7-53845801\/"},"modified":"2026-02-20T07:45:58","modified_gmt":"2026-02-20T07:45:58","slug":"spodnie-dresowe-puma-mapf1-mt7-53845801","status":"publish","type":"product","link":"https:\/\/outletdorota.pl\/index.php\/produkt\/spodnie-dresowe-puma-mapf1-mt7-53845801\/","title":{"rendered":"Spodnie dresowe Puma MAPF1 MT7 53845801"},"content":{"rendered":"<p>M\u0119skie spodnie dresowe Puma MAPF1 T7 w kolorze czarnym. Symbol: 53178101. Styl casual, materia\u0142: 66% poliester, 34% bawe\u0142na. Rozmiar S, nowe z metk\u0105.<\/p>\n","protected":false},"excerpt":{"rendered":"<p>M\u0119skie spodnie dresowe Puma MAPF1 T7 w kolorze czarnym. Symbol:  [&#8230;]<\/p>\n","protected":false},"featured_media":186,"comment_status":"open","ping_status":"closed","template":"","meta":[],"product_brand":[],"product_cat":[29,27,36],"product_tag":[],"class_list":{"0":"post-352","1":"product","2":"type-product","3":"status-publish","4":"has-post-thumbnail","6":"product_cat-meska","7":"product_cat-odziez","8":"product_cat-spodnie","10":"first","11":"instock","12":"sale","13":"shipping-taxable","14":"purchasable","15":"product-type-simple"},"_links":{"self":[{"href":"https:\/\/outletdorota.pl\/index.php\/wp-json\/wp\/v2\/product\/352","targetHints":{"allow":["GET"]}}],"collection":[{"href":"https:\/\/outletdorota.pl\/index.php\/wp-json\/wp\/v2\/product"}],"about":[{"href":"https:\/\/outletdorota.pl\/index.php\/wp-json\/wp\/v2\/types\/product"}],"replies":[{"embeddable":true,"href":"https:\/\/outletdorota.pl\/index.php\/wp-json\/wp\/v2\/comments?post=352"}],"wp:featuredmedia":[{"embeddable":true,"href":"https:\/\/outletdorota.pl\/index.php\/wp-json\/wp\/v2\/media\/186"}],"wp:attachment":[{"href":"https:\/\/outletdorota.pl\/index.php\/wp-json\/wp\/v2\/media?parent=352"}],"wp:term":[{"taxonomy":"product_brand","embeddable":true,"href":"https:\/\/outletdorota.pl\/index.php\/wp-json\/wp\/v2\/product_brand?post=352"},{"taxonomy":"product_cat","embeddable":true,"href":"https:\/\/outletdorota.pl\/index.php\/wp-json\/wp\/v2\/product_cat?post=352"},{"taxonomy":"product_tag","embeddable":true,"href":"https:\/\/outletdorota.pl\/index.php\/wp-json\/wp\/v2\/product_tag?post=352"}],"curies":[{"name":"wp","href":"https:\/\/api.w.org\/{rel}","templated":true}]}}