{"id":513,"date":"2026-02-19T14:31:03","date_gmt":"2026-02-19T14:31:03","guid":{"rendered":"https:\/\/outletdorota.pl\/?post_type=product&#038;p=513"},"modified":"2026-02-19T15:02:00","modified_gmt":"2026-02-19T15:02:00","slug":"mokasyny-pier-one-czarne","status":"publish","type":"product","link":"https:\/\/outletdorota.pl\/index.php\/produkt\/mokasyny-pier-one-czarne\/","title":{"rendered":"Mokasyny Pier One, czarne"},"content":{"rendered":"<p>Rozmiar: 43<\/p>\n<p>D\u0142ugo\u015b\u0107 wk\u0142adki: 27,5cm<\/p>\n","protected":false},"excerpt":{"rendered":"<p>Rozmiar: 43 D\u0142ugo\u015b\u0107 wk\u0142adki: 27,5cm<\/p>\n","protected":false},"featured_media":514,"comment_status":"open","ping_status":"closed","template":"","meta":[],"product_brand":[],"product_cat":[28,54],"product_tag":[],"class_list":{"0":"post-513","1":"product","2":"type-product","3":"status-publish","4":"has-post-thumbnail","6":"product_cat-obuwie","7":"product_cat-polbuty-casualowe","9":"first","10":"instock","11":"shipping-taxable","12":"purchasable","13":"product-type-simple"},"_links":{"self":[{"href":"https:\/\/outletdorota.pl\/index.php\/wp-json\/wp\/v2\/product\/513","targetHints":{"allow":["GET"]}}],"collection":[{"href":"https:\/\/outletdorota.pl\/index.php\/wp-json\/wp\/v2\/product"}],"about":[{"href":"https:\/\/outletdorota.pl\/index.php\/wp-json\/wp\/v2\/types\/product"}],"replies":[{"embeddable":true,"href":"https:\/\/outletdorota.pl\/index.php\/wp-json\/wp\/v2\/comments?post=513"}],"wp:featuredmedia":[{"embeddable":true,"href":"https:\/\/outletdorota.pl\/index.php\/wp-json\/wp\/v2\/media\/514"}],"wp:attachment":[{"href":"https:\/\/outletdorota.pl\/index.php\/wp-json\/wp\/v2\/media?parent=513"}],"wp:term":[{"taxonomy":"product_brand","embeddable":true,"href":"https:\/\/outletdorota.pl\/index.php\/wp-json\/wp\/v2\/product_brand?post=513"},{"taxonomy":"product_cat","embeddable":true,"href":"https:\/\/outletdorota.pl\/index.php\/wp-json\/wp\/v2\/product_cat?post=513"},{"taxonomy":"product_tag","embeddable":true,"href":"https:\/\/outletdorota.pl\/index.php\/wp-json\/wp\/v2\/product_tag?post=513"}],"curies":[{"name":"wp","href":"https:\/\/api.w.org\/{rel}","templated":true}]}}