{"id":674,"date":"2026-02-24T10:08:15","date_gmt":"2026-02-24T10:08:15","guid":{"rendered":"https:\/\/outletdorota.pl\/?post_type=product&#038;p=674"},"modified":"2026-03-12T14:04:27","modified_gmt":"2026-03-12T14:04:27","slug":"spodnie-liu-jo-milano","status":"publish","type":"product","link":"https:\/\/outletdorota.pl\/index.php\/produkt\/spodnie-liu-jo-milano\/","title":{"rendered":"Spodnie LIU JO Milano"},"content":{"rendered":"<p>rozmiar: 40<\/p>\n<p>kolor: niebieski, czerwony, kremowy<\/p>\n<p>sk\u0142ad: 87% wiskoza, 13% poliamid<\/p>\n<p>obw\u00f3d w pasie: 76 cm<\/p>\n<p>d\u0142ugo\u015b\u0107: 110 cm<\/p>\n<p>szeroko\u015b\u0107 nogawki 28 cm na p\u0142asko<\/p>\n","protected":false},"excerpt":{"rendered":"<p>rozmiar: 40 kolor: niebieski, czerwony, kremowy sk\u0142ad: 87% wiskoza, 13%  [&#8230;]<\/p>\n","protected":false},"featured_media":675,"comment_status":"open","ping_status":"closed","template":"","meta":[],"product_brand":[],"product_cat":[30,27,45],"product_tag":[],"class_list":{"0":"post-674","1":"product","2":"type-product","3":"status-publish","4":"has-post-thumbnail","6":"product_cat-damska","7":"product_cat-odziez","8":"product_cat-spodnie-i-legginsy","10":"first","11":"outofstock","12":"shipping-taxable","13":"purchasable","14":"product-type-simple"},"_links":{"self":[{"href":"https:\/\/outletdorota.pl\/index.php\/wp-json\/wp\/v2\/product\/674","targetHints":{"allow":["GET"]}}],"collection":[{"href":"https:\/\/outletdorota.pl\/index.php\/wp-json\/wp\/v2\/product"}],"about":[{"href":"https:\/\/outletdorota.pl\/index.php\/wp-json\/wp\/v2\/types\/product"}],"replies":[{"embeddable":true,"href":"https:\/\/outletdorota.pl\/index.php\/wp-json\/wp\/v2\/comments?post=674"}],"wp:featuredmedia":[{"embeddable":true,"href":"https:\/\/outletdorota.pl\/index.php\/wp-json\/wp\/v2\/media\/675"}],"wp:attachment":[{"href":"https:\/\/outletdorota.pl\/index.php\/wp-json\/wp\/v2\/media?parent=674"}],"wp:term":[{"taxonomy":"product_brand","embeddable":true,"href":"https:\/\/outletdorota.pl\/index.php\/wp-json\/wp\/v2\/product_brand?post=674"},{"taxonomy":"product_cat","embeddable":true,"href":"https:\/\/outletdorota.pl\/index.php\/wp-json\/wp\/v2\/product_cat?post=674"},{"taxonomy":"product_tag","embeddable":true,"href":"https:\/\/outletdorota.pl\/index.php\/wp-json\/wp\/v2\/product_tag?post=674"}],"curies":[{"name":"wp","href":"https:\/\/api.w.org\/{rel}","templated":true}]}}