{"id":68,"date":"2026-02-10T19:33:00","date_gmt":"2026-02-10T19:33:00","guid":{"rendered":"https:\/\/outletdorota.pl\/index.php\/produkt\/polbuty-bytom-skorzane\/"},"modified":"2026-02-15T17:23:28","modified_gmt":"2026-02-15T17:23:28","slug":"polbuty-bytom-skorzane","status":"publish","type":"product","link":"https:\/\/outletdorota.pl\/index.php\/produkt\/polbuty-bytom-skorzane\/","title":{"rendered":"P\u00f3\u0142buty BYTOM sk\u00f3rzane"},"content":{"rendered":"<p>Eleganckie m\u0119skie p\u00f3\u0142buty marki BYTOM wykonane w 100% ze sk\u00f3ry naturalnej. Kolor jasnobr\u0105zowy, rozmiar 41. Nowe w oryginalnym opakowaniu.<\/p>\n","protected":false},"excerpt":{"rendered":"<p>Eleganckie m\u0119skie p\u00f3\u0142buty marki BYTOM wykonane w 100% ze sk\u00f3ry  [&#8230;]<\/p>\n","protected":false},"featured_media":269,"comment_status":"open","ping_status":"closed","template":"","meta":[],"product_brand":[],"product_cat":[50,28],"product_tag":[],"class_list":{"0":"post-68","1":"product","2":"type-product","3":"status-publish","4":"has-post-thumbnail","6":"product_cat-meskie","7":"product_cat-obuwie","9":"first","10":"instock","11":"shipping-taxable","12":"purchasable","13":"product-type-simple"},"_links":{"self":[{"href":"https:\/\/outletdorota.pl\/index.php\/wp-json\/wp\/v2\/product\/68","targetHints":{"allow":["GET"]}}],"collection":[{"href":"https:\/\/outletdorota.pl\/index.php\/wp-json\/wp\/v2\/product"}],"about":[{"href":"https:\/\/outletdorota.pl\/index.php\/wp-json\/wp\/v2\/types\/product"}],"replies":[{"embeddable":true,"href":"https:\/\/outletdorota.pl\/index.php\/wp-json\/wp\/v2\/comments?post=68"}],"wp:featuredmedia":[{"embeddable":true,"href":"https:\/\/outletdorota.pl\/index.php\/wp-json\/wp\/v2\/media\/269"}],"wp:attachment":[{"href":"https:\/\/outletdorota.pl\/index.php\/wp-json\/wp\/v2\/media?parent=68"}],"wp:term":[{"taxonomy":"product_brand","embeddable":true,"href":"https:\/\/outletdorota.pl\/index.php\/wp-json\/wp\/v2\/product_brand?post=68"},{"taxonomy":"product_cat","embeddable":true,"href":"https:\/\/outletdorota.pl\/index.php\/wp-json\/wp\/v2\/product_cat?post=68"},{"taxonomy":"product_tag","embeddable":true,"href":"https:\/\/outletdorota.pl\/index.php\/wp-json\/wp\/v2\/product_tag?post=68"}],"curies":[{"name":"wp","href":"https:\/\/api.w.org\/{rel}","templated":true}]}}