{"id":700,"date":"2026-02-24T14:21:56","date_gmt":"2026-02-24T14:21:56","guid":{"rendered":"https:\/\/outletdorota.pl\/?post_type=product&#038;p=700"},"modified":"2026-02-24T14:39:29","modified_gmt":"2026-02-24T14:39:29","slug":"t-shirt-nike-dri-fit","status":"publish","type":"product","link":"https:\/\/outletdorota.pl\/index.php\/produkt\/t-shirt-nike-dri-fit\/","title":{"rendered":"T-shirt Nike Dri-fit"},"content":{"rendered":"<p>rozmiar: 147-158<\/p>\n<p>kolor: bia\u0142y, czerwony<\/p>\n<p>materia\u0142: 100% poliester<\/p>\n<p>szeroko\u015b\u0107 od pachy do pachy: 45 cm<\/p>\n<p>d\u0142ugo\u015b\u0107:65 cm<\/p>\n","protected":false},"excerpt":{"rendered":"<p>rozmiar: 147-158 kolor: bia\u0142y, czerwony materia\u0142: 100% poliester szeroko\u015b\u0107 od  [&#8230;]<\/p>\n","protected":false},"featured_media":701,"comment_status":"open","ping_status":"closed","template":"","meta":[],"product_brand":[],"product_cat":[31,27],"product_tag":[],"class_list":{"0":"post-700","1":"product","2":"type-product","3":"status-publish","4":"has-post-thumbnail","6":"product_cat-dziecieca","7":"product_cat-odziez","9":"first","10":"instock","11":"shipping-taxable","12":"purchasable","13":"product-type-simple"},"_links":{"self":[{"href":"https:\/\/outletdorota.pl\/index.php\/wp-json\/wp\/v2\/product\/700","targetHints":{"allow":["GET"]}}],"collection":[{"href":"https:\/\/outletdorota.pl\/index.php\/wp-json\/wp\/v2\/product"}],"about":[{"href":"https:\/\/outletdorota.pl\/index.php\/wp-json\/wp\/v2\/types\/product"}],"replies":[{"embeddable":true,"href":"https:\/\/outletdorota.pl\/index.php\/wp-json\/wp\/v2\/comments?post=700"}],"wp:featuredmedia":[{"embeddable":true,"href":"https:\/\/outletdorota.pl\/index.php\/wp-json\/wp\/v2\/media\/701"}],"wp:attachment":[{"href":"https:\/\/outletdorota.pl\/index.php\/wp-json\/wp\/v2\/media?parent=700"}],"wp:term":[{"taxonomy":"product_brand","embeddable":true,"href":"https:\/\/outletdorota.pl\/index.php\/wp-json\/wp\/v2\/product_brand?post=700"},{"taxonomy":"product_cat","embeddable":true,"href":"https:\/\/outletdorota.pl\/index.php\/wp-json\/wp\/v2\/product_cat?post=700"},{"taxonomy":"product_tag","embeddable":true,"href":"https:\/\/outletdorota.pl\/index.php\/wp-json\/wp\/v2\/product_tag?post=700"}],"curies":[{"name":"wp","href":"https:\/\/api.w.org\/{rel}","templated":true}]}}