{"id":743,"date":"2026-02-25T13:54:30","date_gmt":"2026-02-25T13:54:30","guid":{"rendered":"https:\/\/outletdorota.pl\/?post_type=product&#038;p=743"},"modified":"2026-02-25T13:54:30","modified_gmt":"2026-02-25T13:54:30","slug":"spodnie-wrangler","status":"publish","type":"product","link":"https:\/\/outletdorota.pl\/index.php\/produkt\/spodnie-wrangler\/","title":{"rendered":"Spodnie Wrangler"},"content":{"rendered":"<p>rozmiar: W30\/L32<\/p>\n<p>kolor: jasnoniebieski<\/p>\n<p>materia\u0142: 99% bawe\u0142na, 1% elastan<\/p>\n<p>obw\u00f3d pasa: 84 cm<\/p>\n<p>d\u0142ugo\u015b\u0107: 105 cm<\/p>\n","protected":false},"excerpt":{"rendered":"<p>rozmiar: W30\/L32 kolor: jasnoniebieski materia\u0142: 99% bawe\u0142na, 1% elastan obw\u00f3d  [&#8230;]<\/p>\n","protected":false},"featured_media":744,"comment_status":"open","ping_status":"closed","template":"","meta":[],"product_brand":[],"product_cat":[29,27,36],"product_tag":[],"class_list":{"0":"post-743","1":"product","2":"type-product","3":"status-publish","4":"has-post-thumbnail","6":"product_cat-meska","7":"product_cat-odziez","8":"product_cat-spodnie","10":"first","11":"instock","12":"shipping-taxable","13":"purchasable","14":"product-type-simple"},"_links":{"self":[{"href":"https:\/\/outletdorota.pl\/index.php\/wp-json\/wp\/v2\/product\/743","targetHints":{"allow":["GET"]}}],"collection":[{"href":"https:\/\/outletdorota.pl\/index.php\/wp-json\/wp\/v2\/product"}],"about":[{"href":"https:\/\/outletdorota.pl\/index.php\/wp-json\/wp\/v2\/types\/product"}],"replies":[{"embeddable":true,"href":"https:\/\/outletdorota.pl\/index.php\/wp-json\/wp\/v2\/comments?post=743"}],"wp:featuredmedia":[{"embeddable":true,"href":"https:\/\/outletdorota.pl\/index.php\/wp-json\/wp\/v2\/media\/744"}],"wp:attachment":[{"href":"https:\/\/outletdorota.pl\/index.php\/wp-json\/wp\/v2\/media?parent=743"}],"wp:term":[{"taxonomy":"product_brand","embeddable":true,"href":"https:\/\/outletdorota.pl\/index.php\/wp-json\/wp\/v2\/product_brand?post=743"},{"taxonomy":"product_cat","embeddable":true,"href":"https:\/\/outletdorota.pl\/index.php\/wp-json\/wp\/v2\/product_cat?post=743"},{"taxonomy":"product_tag","embeddable":true,"href":"https:\/\/outletdorota.pl\/index.php\/wp-json\/wp\/v2\/product_tag?post=743"}],"curies":[{"name":"wp","href":"https:\/\/api.w.org\/{rel}","templated":true}]}}