{"id":792,"date":"2026-02-27T10:14:02","date_gmt":"2026-02-27T10:14:02","guid":{"rendered":"https:\/\/outletdorota.pl\/?post_type=product&#038;p=792"},"modified":"2026-02-28T10:00:41","modified_gmt":"2026-02-28T10:00:41","slug":"sweter-vila","status":"publish","type":"product","link":"https:\/\/outletdorota.pl\/index.php\/produkt\/sweter-vila\/","title":{"rendered":"Sweter VILA"},"content":{"rendered":"<p>rozmiar: M\/L<\/p>\n<p>kolor: czerwony<\/p>\n<p>materia\u0142: 50% poliester, 45% wiskoza, 5% poliamid<\/p>\n<p>szeroko\u015b\u0107 od pachy do pachy: 55-60 cm<\/p>\n<p>d\u0142ugo\u015b\u0107: 60 cm<\/p>\n","protected":false},"excerpt":{"rendered":"<p>rozmiar: M\/L kolor: czerwony materia\u0142: 50% poliester, 45% wiskoza, 5%  [&#8230;]<\/p>\n","protected":false},"featured_media":793,"comment_status":"open","ping_status":"closed","template":"","meta":[],"product_brand":[],"product_cat":[40,30,27],"product_tag":[],"class_list":{"0":"post-792","1":"product","2":"type-product","3":"status-publish","4":"has-post-thumbnail","6":"product_cat-bluzy-i-swetry-damska","7":"product_cat-damska","8":"product_cat-odziez","10":"first","11":"outofstock","12":"shipping-taxable","13":"purchasable","14":"product-type-simple"},"_links":{"self":[{"href":"https:\/\/outletdorota.pl\/index.php\/wp-json\/wp\/v2\/product\/792","targetHints":{"allow":["GET"]}}],"collection":[{"href":"https:\/\/outletdorota.pl\/index.php\/wp-json\/wp\/v2\/product"}],"about":[{"href":"https:\/\/outletdorota.pl\/index.php\/wp-json\/wp\/v2\/types\/product"}],"replies":[{"embeddable":true,"href":"https:\/\/outletdorota.pl\/index.php\/wp-json\/wp\/v2\/comments?post=792"}],"wp:featuredmedia":[{"embeddable":true,"href":"https:\/\/outletdorota.pl\/index.php\/wp-json\/wp\/v2\/media\/793"}],"wp:attachment":[{"href":"https:\/\/outletdorota.pl\/index.php\/wp-json\/wp\/v2\/media?parent=792"}],"wp:term":[{"taxonomy":"product_brand","embeddable":true,"href":"https:\/\/outletdorota.pl\/index.php\/wp-json\/wp\/v2\/product_brand?post=792"},{"taxonomy":"product_cat","embeddable":true,"href":"https:\/\/outletdorota.pl\/index.php\/wp-json\/wp\/v2\/product_cat?post=792"},{"taxonomy":"product_tag","embeddable":true,"href":"https:\/\/outletdorota.pl\/index.php\/wp-json\/wp\/v2\/product_tag?post=792"}],"curies":[{"name":"wp","href":"https:\/\/api.w.org\/{rel}","templated":true}]}}