{"id":884,"date":"2026-03-03T14:50:18","date_gmt":"2026-03-03T14:50:18","guid":{"rendered":"https:\/\/outletdorota.pl\/?post_type=product&#038;p=884"},"modified":"2026-03-03T14:55:37","modified_gmt":"2026-03-03T14:55:37","slug":"spodenki-kinderkind","status":"publish","type":"product","link":"https:\/\/outletdorota.pl\/index.php\/produkt\/spodenki-kinderkind\/","title":{"rendered":"Spodenki KINDERKIND"},"content":{"rendered":"<p>rozmiar: 2T<\/p>\n<p>kolor: czarny<\/p>\n<p>materia\u0142: 97% bawe\u0142na, 3% elastan<\/p>\n<p>obw\u00f3d pasa: 52 cm<\/p>\n<p>d\u0142ugo\u015b\u0107: 30 cm<\/p>\n<p>nowe bez metki<\/p>\n","protected":false},"excerpt":{"rendered":"<p>rozmiar: 2T kolor: czarny materia\u0142: 97% bawe\u0142na, 3% elastan obw\u00f3d  [&#8230;]<\/p>\n","protected":false},"featured_media":885,"comment_status":"open","ping_status":"closed","template":"","meta":[],"product_brand":[],"product_cat":[31,27],"product_tag":[],"class_list":{"0":"post-884","1":"product","2":"type-product","3":"status-publish","4":"has-post-thumbnail","6":"product_cat-dziecieca","7":"product_cat-odziez","9":"first","10":"instock","11":"shipping-taxable","12":"purchasable","13":"product-type-simple"},"_links":{"self":[{"href":"https:\/\/outletdorota.pl\/index.php\/wp-json\/wp\/v2\/product\/884","targetHints":{"allow":["GET"]}}],"collection":[{"href":"https:\/\/outletdorota.pl\/index.php\/wp-json\/wp\/v2\/product"}],"about":[{"href":"https:\/\/outletdorota.pl\/index.php\/wp-json\/wp\/v2\/types\/product"}],"replies":[{"embeddable":true,"href":"https:\/\/outletdorota.pl\/index.php\/wp-json\/wp\/v2\/comments?post=884"}],"wp:featuredmedia":[{"embeddable":true,"href":"https:\/\/outletdorota.pl\/index.php\/wp-json\/wp\/v2\/media\/885"}],"wp:attachment":[{"href":"https:\/\/outletdorota.pl\/index.php\/wp-json\/wp\/v2\/media?parent=884"}],"wp:term":[{"taxonomy":"product_brand","embeddable":true,"href":"https:\/\/outletdorota.pl\/index.php\/wp-json\/wp\/v2\/product_brand?post=884"},{"taxonomy":"product_cat","embeddable":true,"href":"https:\/\/outletdorota.pl\/index.php\/wp-json\/wp\/v2\/product_cat?post=884"},{"taxonomy":"product_tag","embeddable":true,"href":"https:\/\/outletdorota.pl\/index.php\/wp-json\/wp\/v2\/product_tag?post=884"}],"curies":[{"name":"wp","href":"https:\/\/api.w.org\/{rel}","templated":true}]}}