{"id":964,"date":"2026-03-14T08:44:44","date_gmt":"2026-03-14T08:44:44","guid":{"rendered":"https:\/\/outletdorota.pl\/?post_type=product&#038;p=964"},"modified":"2026-03-14T08:54:31","modified_gmt":"2026-03-14T08:54:31","slug":"buty-nike-air-monarch-iv","status":"publish","type":"product","link":"https:\/\/outletdorota.pl\/index.php\/produkt\/buty-nike-air-monarch-iv\/","title":{"rendered":"Buty NIKE AIR MONARCH IV"},"content":{"rendered":"<p>rozmiar: 44,5<\/p>\n<p>d\u0142ugo\u015b\u0107: 28,5<\/p>\n<p>kolor: czarny, bia\u0142y<\/p>\n","protected":false},"excerpt":{"rendered":"<p>rozmiar: 44,5 d\u0142ugo\u015b\u0107: 28,5 kolor: czarny, bia\u0142y<\/p>\n","protected":false},"featured_media":965,"comment_status":"open","ping_status":"closed","template":"","meta":[],"product_brand":[],"product_cat":[50,28,52],"product_tag":[],"class_list":{"0":"post-964","1":"product","2":"type-product","3":"status-publish","4":"has-post-thumbnail","6":"product_cat-meskie","7":"product_cat-obuwie","8":"product_cat-sneakersy-i-sportowe","10":"first","11":"instock","12":"shipping-taxable","13":"purchasable","14":"product-type-simple"},"_links":{"self":[{"href":"https:\/\/outletdorota.pl\/index.php\/wp-json\/wp\/v2\/product\/964","targetHints":{"allow":["GET"]}}],"collection":[{"href":"https:\/\/outletdorota.pl\/index.php\/wp-json\/wp\/v2\/product"}],"about":[{"href":"https:\/\/outletdorota.pl\/index.php\/wp-json\/wp\/v2\/types\/product"}],"replies":[{"embeddable":true,"href":"https:\/\/outletdorota.pl\/index.php\/wp-json\/wp\/v2\/comments?post=964"}],"wp:featuredmedia":[{"embeddable":true,"href":"https:\/\/outletdorota.pl\/index.php\/wp-json\/wp\/v2\/media\/965"}],"wp:attachment":[{"href":"https:\/\/outletdorota.pl\/index.php\/wp-json\/wp\/v2\/media?parent=964"}],"wp:term":[{"taxonomy":"product_brand","embeddable":true,"href":"https:\/\/outletdorota.pl\/index.php\/wp-json\/wp\/v2\/product_brand?post=964"},{"taxonomy":"product_cat","embeddable":true,"href":"https:\/\/outletdorota.pl\/index.php\/wp-json\/wp\/v2\/product_cat?post=964"},{"taxonomy":"product_tag","embeddable":true,"href":"https:\/\/outletdorota.pl\/index.php\/wp-json\/wp\/v2\/product_tag?post=964"}],"curies":[{"name":"wp","href":"https:\/\/api.w.org\/{rel}","templated":true}]}}